{"id":2267,"date":"2022-12-06T10:59:50","date_gmt":"2022-12-06T09:59:50","guid":{"rendered":"https:\/\/www.university-press.fau.de\/?page_id=2267"},"modified":"2022-12-06T10:59:51","modified_gmt":"2022-12-06T09:59:51","slug":"barrierefreiheit","status":"publish","type":"page","link":"https:\/\/www.university-press.fau.de\/en\/barrierefreiheit\/","title":{"rendered":"Accessibility"},"content":{"rendered":"<!--themify_builder_content-->\n<div id=\"themify_builder_content-2267\" data-postid=\"2267\" class=\"themify_builder_content themify_builder_content-2267 themify_builder tf_clear\">\n                    <div  data-lazy=\"1\" class=\"module_row themify_builder_row tb_d2c5658 tb_first tf_w\">\n                        <div class=\"row_inner col_align_top tb_col_count_1 tf_box tf_rel\">\n                        <div  data-lazy=\"1\" class=\"module_column tb-column col-full tb_eqtg659 first\">\n                    <!-- module text -->\n<div  class=\"module module-text tb_5yc3365\" data-lazy=\"1\">\n        <div  class=\"tb_text_wrap\">\n        <p>The provider of this website (University Library Erlangen-N\u00fcrnberg) makes every effort to provide barrier-free access in accordance with\u00a0<a href=\"http:\/\/gesetze-bayern.de\/Content\/Document\/BayBGG\/true\">current legislation<\/a>\u00a0.<br \/>This Accessibility Statement applies to the websites and applications available at\u00a0<strong>university-press.fau.de<\/strong>\u00a0.<\/p><h2>Status of compatibility with the requirements (\u201cconformity status\u201d)<\/h2><p><strong>Partially compliant: Some parts of the content do not fully comply with the accessibility standard.<\/strong><\/p><p>Audit methodology: Self-evaluation<br \/>Creation date: December 1, 2022<br \/>Last check: December 1, 2022.<\/p><h2>Known accessibility problems<\/h2><p>Listing and explanation of the problems encountered in implementing the accessibility of this website.<\/p><h3>Non-accessible content<\/h3><ul><li>PDF-Dokumente, die vor dem 23.09.2018 erstellt wurden, konnten noch nicht auf ein barrierefreies Format umgestellt werden.<\/li><\/ul><h3>Alternative ways of access<\/h3><p>Sollten Sie Zugang zu PDF-Dateien ben\u00f6tigen, die noch nicht barrierefrei sind, oder ben\u00f6tigen Sie ein Video mit Untertiteln, wenden Sie sich bitte an das\u00a0<a href=\"mailto:ub-webmaster@fau.de\">Webteam of the University Library<\/a>.<\/p><h2>Help and contact if problems occur<\/h2><p>You can report any lack of compliance with accessibility requirements and request a accessible version of information that does not have to be presented accessible.<\/p><h3>Contact<\/h3><p>Webteam of the University Library<br \/>E-mail:<a href=\"mailto:ub-webmaster@fau.de\">ub-webmaster@fau.de<\/a><\/p><h2>Enforcement procedure<\/h2><p>If a request for contact remains unanswered in whole or in part within six weeks, the responsible regulatory authority shall, at the request of the user, examine whether measures are necessary as part of the monitoring process regarding the obligated party.<\/p><p>Contact information of the authority responsible for the enforcement process:<\/p><p>Landesamt f\u00fcr Digitalisierung, Breitband und Vermessung<br \/>St.-Martin-Stra\u00dfe 47<br \/>81541 M\u00fcnchen<br \/>Phone: +49 89 2129-1111<br \/>Fax: +49 89 2129-1113<br \/>E-mail:\u00a0<a href=\"mailto:bitv@bayern.de\">bitv@bayern.de<\/a><br \/>Web:\u00a0<a href=\"https:\/\/www.ldbv.bayern.de\/digitalisierung\/bitv.html\">https:\/\/www.ldbv.bayern.de\/digitalisierung\/bitv.html<\/a><\/p>    <\/div>\n<\/div>\n<!-- \/module text -->        <\/div>\n                        <\/div>\n        <\/div>\n        <\/div>\n<!--\/themify_builder_content-->","protected":false},"excerpt":{"rendered":"<p>Der Anbieter dieses Webangebots (Universit\u00e4tsbibliothek Erlangen-N\u00fcrnberg) ist bem\u00fcht, das Angebot im Einklang mit der\u00a0g\u00fcltigen Gesetzgebung\u00a0barrierefrei zug\u00e4nglich zu machen.Diese Erkl\u00e4rung zur Barrierefreiheit gilt f\u00fcr die Webauftritte und Anwendungen, die unter\u00a0university-press.fau.de\u00a0verf\u00fcgbar sind.Stand der Vereinbarkeit mit den Anforderungen (\u201cKonformit\u00e4tsstatus\u201d)Teilweise konform: Einige Teile des Inhalts entsprechen nicht vollst\u00e4ndig dem Standard f\u00fcr Barrierefreiheit.Methodik der Pr\u00fcfung: SelbstbewertungErstellungsdatum: 01. Dezember 2022Letzte \u00dcberpr\u00fcfung: [&hellip;]<\/p>\n","protected":false},"author":2,"featured_media":0,"parent":0,"menu_order":0,"comment_status":"closed","ping_status":"closed","template":"","meta":{"_acf_changed":false,"footnotes":""},"class_list":["post-2267","page","type-page","status-publish","hentry","has-post-title","has-post-date","has-post-category","has-post-tag","has-post-comment","has-post-author",""],"acf":[],"builder_content":"<p>Der Anbieter dieses Webangebots (Universit\u00e4tsbibliothek Erlangen-N\u00fcrnberg) ist bem\u00fcht, das Angebot im Einklang mit der\u00a0<a href=\"http:\/\/gesetze-bayern.de\/Content\/Document\/BayBGG\/true\">g\u00fcltigen Gesetzgebung<\/a>\u00a0barrierefrei zug\u00e4nglich zu machen.<br \/>Diese Erkl\u00e4rung zur Barrierefreiheit gilt f\u00fcr die Webauftritte und Anwendungen, die unter\u00a0<strong>university-press.fau.de<\/strong>\u00a0verf\u00fcgbar sind.<\/p><h2>Stand der Vereinbarkeit mit den Anforderungen (\u201cKonformit\u00e4tsstatus\u201d)<\/h2><p><strong>Teilweise konform: Einige Teile des Inhalts entsprechen nicht vollst\u00e4ndig dem Standard f\u00fcr Barrierefreiheit.<\/strong><\/p><p>Methodik der Pr\u00fcfung: Selbstbewertung<br \/>Erstellungsdatum: 01. Dezember 2022<br \/>Letzte \u00dcberpr\u00fcfung: 01. Dezember 2022<\/p><h2>Bekannte Probleme bei der Barrierefreiheit<\/h2><p>Auflistung und Erl\u00e4uterung der Probleme bei der Umsetzung der Barrierefreiheit dieses Webauftritts.<\/p><h3>Nicht barrierefrei zug\u00e4ngliche Inhalte<\/h3><ul><li>PDF-Dokumente, die vor dem 23.09.2018 erstellt wurden, konnten noch nicht auf ein barrierefreies Format umgestellt werden.<\/li><\/ul><h3>Alternative Zugangswege<\/h3><p>Sollten Sie Zugang zu PDF-Dateien ben\u00f6tigen, die noch nicht barrierefrei sind, oder ben\u00f6tigen Sie ein Video mit Untertiteln, wenden Sie sich bitte an das\u00a0<a href=\"mailto:ub-webmaster@fau.de\">Webteam der Universit\u00e4tsbibliothek<\/a>.<\/p><h2>Hilfe und Kontaktaufnahme bei Problemen<\/h2><p>Sie k\u00f6nnen M\u00e4ngel bei der Einhaltung der Anforderungen an die Barrierefreiheit mitteilen oder Informationen, die nicht barrierefrei dargestellt werden m\u00fcssen, barrierefrei anfordern.<\/p><h3>Kontaktperson<\/h3><p>Webteam der Universit\u00e4tsbibliothek<br \/>E-Mail:<a href=\"mailto:ub-webmaster@fau.de\">ub-webmaster@fau.de<\/a><\/p><h2>Durchsetzungsverfahren<\/h2><p>Bleibt eine Anfrage \u00fcber die Kontaktm\u00f6glichkeit innerhalb von sechs Wochen ganz oder teilweise unbeantwortet, pr\u00fcft die zust\u00e4ndige Aufsichtsbeh\u00f6rde auf Antrag des Nutzers, ob im Rahmen der \u00dcberwachung gegen\u00fcber dem Verpflichteten Ma\u00dfnahmen erforderlich sind.<\/p><p>Kontaktinformation der f\u00fcr das Durchsetzungsverfahren zust\u00e4ndigen Aufsicht:<\/p><p>Landesamt f\u00fcr Digitalisierung, Breitband und Vermessung<br \/>St.-Martin-Stra\u00dfe 47<br \/>81541 M\u00fcnchen<br \/>Telefon: +49 89 2129-1111<br \/>Fax: +49 89 2129-1113<br \/>E-Mail:\u00a0<a href=\"mailto:bitv@bayern.de\">bitv@bayern.de<\/a><br \/>Web:\u00a0<a href=\"https:\/\/www.ldbv.bayern.de\/digitalisierung\/bitv.html\">https:\/\/www.ldbv.bayern.de\/digitalisierung\/bitv.html<\/a><\/p>","_links":{"self":[{"href":"https:\/\/www.university-press.fau.de\/en\/wp-json\/wp\/v2\/pages\/2267","targetHints":{"allow":["GET"]}}],"collection":[{"href":"https:\/\/www.university-press.fau.de\/en\/wp-json\/wp\/v2\/pages"}],"about":[{"href":"https:\/\/www.university-press.fau.de\/en\/wp-json\/wp\/v2\/types\/page"}],"author":[{"embeddable":true,"href":"https:\/\/www.university-press.fau.de\/en\/wp-json\/wp\/v2\/users\/2"}],"replies":[{"embeddable":true,"href":"https:\/\/www.university-press.fau.de\/en\/wp-json\/wp\/v2\/comments?post=2267"}],"version-history":[{"count":1,"href":"https:\/\/www.university-press.fau.de\/en\/wp-json\/wp\/v2\/pages\/2267\/revisions"}],"predecessor-version":[{"id":2268,"href":"https:\/\/www.university-press.fau.de\/en\/wp-json\/wp\/v2\/pages\/2267\/revisions\/2268"}],"wp:attachment":[{"href":"https:\/\/www.university-press.fau.de\/en\/wp-json\/wp\/v2\/media?parent=2267"}],"curies":[{"name":"wp","href":"https:\/\/api.w.org\/{rel}","templated":true}]}}

<!--themify_builder_content-->
<div id="themify_builder_content-2267" data-postid="2267" class="themify_builder_content themify_builder_content-2267 themify_builder tf_clear">
                    <div  data-lazy="1" class="module_row themify_builder_row tb_d2c5658 tb_first tf_w">
                        <div class="row_inner col_align_top tb_col_count_1 tf_box tf_rel">
                        <div  data-lazy="1" class="module_column tb-column col-full tb_eqtg659 first">
                    <!-- module text -->
<div  class="module module-text tb_5yc3365" data-lazy="1">
        <div  class="tb_text_wrap">
        <p>The provider of this website (University Library Erlangen-Nürnberg) makes every effort to provide barrier-free access in accordance with <a href="http://gesetze-bayern.de/Content/Document/BayBGG/true">current legislation</a> .<br />This Accessibility Statement applies to the websites and applications available at <strong>university-press.fau.de</strong> .</p><h2>Status of compatibility with the requirements (“conformity status”)</h2><p><strong>Partially compliant: Some parts of the content do not fully comply with the accessibility standard.</strong></p><p>Audit methodology: Self-evaluation<br />Creation date: December 1, 2022<br />Last check: December 1, 2022.</p><h2>Known accessibility problems</h2><p>Listing and explanation of the problems encountered in implementing the accessibility of this website.</p><h3>Non-accessible content</h3><ul><li>PDF-Dokumente, die vor dem 23.09.2018 erstellt wurden, konnten noch nicht auf ein barrierefreies Format umgestellt werden.</li></ul><h3>Alternative ways of access</h3><p>Sollten Sie Zugang zu PDF-Dateien benötigen, die noch nicht barrierefrei sind, oder benötigen Sie ein Video mit Untertiteln, wenden Sie sich bitte an das <a href="mailto:ub-webmaster@fau.de">Webteam of the University Library</a>.</p><h2>Help and contact if problems occur</h2><p>You can report any lack of compliance with accessibility requirements and request a accessible version of information that does not have to be presented accessible.</p><h3>Contact</h3><p>Webteam of the University Library<br />E-mail:<a href="mailto:ub-webmaster@fau.de">ub-webmaster@fau.de</a></p><h2>Enforcement procedure</h2><p>If a request for contact remains unanswered in whole or in part within six weeks, the responsible regulatory authority shall, at the request of the user, examine whether measures are necessary as part of the monitoring process regarding the obligated party.</p><p>Contact information of the authority responsible for the enforcement process:</p><p>Landesamt für Digitalisierung, Breitband und Vermessung<br />St.-Martin-Straße 47<br />81541 München<br />Phone: +49 89 2129-1111<br />Fax: +49 89 2129-1113<br />E-mail: <a href="mailto:bitv@bayern.de">bitv@bayern.de</a><br />Web: <a href="https://www.ldbv.bayern.de/digitalisierung/bitv.html">https://www.ldbv.bayern.de/digitalisierung/bitv.html</a></p>    </div>
</div>
<!-- /module text -->        </div>
                        </div>
        </div>
        </div>
<!--/themify_builder_content-->

<p>Der Anbieter dieses Webangebots (Universitätsbibliothek Erlangen-Nürnberg) ist bemüht, das Angebot im Einklang mit der gültigen Gesetzgebung barrierefrei zugänglich zu machen.Diese Erklärung zur Barrierefreiheit gilt für die Webauftritte und Anwendungen, die unter university-press.fau.de verfügbar sind.Stand der Vereinbarkeit mit den Anforderungen (“Konformitätsstatus”)Teilweise konform: Einige Teile des Inhalts entsprechen nicht vollständig dem Standard für Barrierefreiheit.Methodik der Prüfung: SelbstbewertungErstellungsdatum: 01. Dezember 2022Letzte Überprüfung: [&hellip;]</p>

<p>Der Anbieter dieses Webangebots (Universitätsbibliothek Erlangen-Nürnberg) ist bemüht, das Angebot im Einklang mit der <a href="http://gesetze-bayern.de/Content/Document/BayBGG/true">gültigen Gesetzgebung</a> barrierefrei zugänglich zu machen.<br />Diese Erklärung zur Barrierefreiheit gilt für die Webauftritte und Anwendungen, die unter <strong>university-press.fau.de</strong> verfügbar sind.</p><h2>Stand der Vereinbarkeit mit den Anforderungen (“Konformitätsstatus”)</h2><p><strong>Teilweise konform: Einige Teile des Inhalts entsprechen nicht vollständig dem Standard für Barrierefreiheit.</strong></p><p>Methodik der Prüfung: Selbstbewertung<br />Erstellungsdatum: 01. Dezember 2022<br />Letzte Überprüfung: 01. Dezember 2022</p><h2>Bekannte Probleme bei der Barrierefreiheit</h2><p>Auflistung und Erläuterung der Probleme bei der Umsetzung der Barrierefreiheit dieses Webauftritts.</p><h3>Nicht barrierefrei zugängliche Inhalte</h3><ul><li>PDF-Dokumente, die vor dem 23.09.2018 erstellt wurden, konnten noch nicht auf ein barrierefreies Format umgestellt werden.</li></ul><h3>Alternative Zugangswege</h3><p>Sollten Sie Zugang zu PDF-Dateien benötigen, die noch nicht barrierefrei sind, oder benötigen Sie ein Video mit Untertiteln, wenden Sie sich bitte an das <a href="mailto:ub-webmaster@fau.de">Webteam der Universitätsbibliothek</a>.</p><h2>Hilfe und Kontaktaufnahme bei Problemen</h2><p>Sie können Mängel bei der Einhaltung der Anforderungen an die Barrierefreiheit mitteilen oder Informationen, die nicht barrierefrei dargestellt werden müssen, barrierefrei anfordern.</p><h3>Kontaktperson</h3><p>Webteam der Universitätsbibliothek<br />E-Mail:<a href="mailto:ub-webmaster@fau.de">ub-webmaster@fau.de</a></p><h2>Durchsetzungsverfahren</h2><p>Bleibt eine Anfrage über die Kontaktmöglichkeit innerhalb von sechs Wochen ganz oder teilweise unbeantwortet, prüft die zuständige Aufsichtsbehörde auf Antrag des Nutzers, ob im Rahmen der Überwachung gegenüber dem Verpflichteten Maßnahmen erforderlich sind.</p><p>Kontaktinformation der für das Durchsetzungsverfahren zuständigen Aufsicht:</p><p>Landesamt für Digitalisierung, Breitband und Vermessung<br />St.-Martin-Straße 47<br />81541 München<br />Telefon: +49 89 2129-1111<br />Fax: +49 89 2129-1113<br />E-Mail: <a href="mailto:bitv@bayern.de">bitv@bayern.de</a><br />Web: <a href="https://www.ldbv.bayern.de/digitalisierung/bitv.html">https://www.ldbv.bayern.de/digitalisierung/bitv.html</a></p>
