{"id":383,"date":"2022-09-23T10:26:22","date_gmt":"2022-09-23T08:26:22","guid":{"rendered":"https:\/\/www.university-press.fau.de\/produkt\/bodenkultivierung-im-donaumoos\/"},"modified":"2025-11-18T12:50:10","modified_gmt":"2025-11-18T11:50:10","slug":"978-3-96147-467-7","status":"publish","type":"product","link":"https:\/\/www.university-press.fau.de\/en\/product\/978-3-96147-467-7\/","title":{"rendered":"Bodenkultivierung im Donaumoos"},"content":{"rendered":"<p>Am Ende des 18. Jahrhunderts begannen im Altbayerischen Donaumoos Entw\u00e4sserungsarbeiten. Anschlie\u00dfende Ansiedlungen in neu gegr\u00fcndeten Orten brachten Menschen in das Moor, die dort ihr Auskommen suchten. Der Spruch &#8222;Dem ersten den Tod, dem zweiten die Not und erst dem dritten das Brot&#8220; war in dieser Zeit unter Moorsiedlern g\u00e4ngig. Ihre &#8222;Not&#8220;, ihre Probleme und ihre Zusammenarbeit mit den staatlichen Abgesandten werden in diesem Werk dargestellt, ebenso wie die Sicht der zust\u00e4ndigen Beh\u00f6rde. Entnommen wird dieses Wissen vor allem aus den reichen Archivbest\u00e4nden des Staatsarchivs Augsburg und gedruckten zeitgen\u00f6ssischen Quellen.<\/p>","protected":false},"excerpt":{"rendered":"<p>Am Ende des 18. Jahrhunderts begannen im Altbayerischen Donaumoos Entw\u00e4sserungsarbeiten. Anschlie\u00dfende Ansiedlungen in neu gegr\u00fcndeten Orten brachten Menschen in das Moor, die dort ihr Auskommen suchten. Der Spruch &#8222;Dem ersten den Tod, dem zweiten die Not und erst dem dritten das Brot&#8220; war in dieser Zeit unter Moorsiedlern g\u00e4ngig. Ihre &#8222;Not&#8220;, ihre Probleme und ihre [&hellip;]<\/p>\n","protected":false},"featured_media":1194,"comment_status":"open","ping_status":"closed","template":"","meta":{"_acf_changed":false},"product_brand":[],"product_cat":[38],"product_tag":[],"class_list":{"0":"post-383","1":"product","2":"type-product","3":"status-publish","4":"has-post-thumbnail","6":"product_cat-ausgezeichnete-abschlussarbeiten-der-erlanger-geschichtswissenschaft","7":"has-post-title","8":"has-post-date","9":"has-post-category","10":"has-post-tag","11":"has-post-comment","12":"has-post-author","13":"","15":"first","16":"instock","17":"taxable","18":"shipping-taxable","19":"purchasable","20":"product-type-simple"},"acf":{"autor":"","orcid":"","ror":"","herausgeber":"","orcid_hrsg":"","rorhrsg":"","bearbeiter":"","sonstige_beteiligte_personen":"","untertitel":"Ein Beitrag zur Umwelt- und Sozialgeschichte zwischen 1780 und 1830","zusatz":"","jahr":"2021","zeitschrift":"","serie":"","serie_name":"","serie_band":"","serie_jahr":"","serie_titel_band":"","vortrage":"","issn":"","isbn":"","isbn13":"978-3-96147-467-7","seiten":"ii, 305","sonstiges":"","band":12,"auflage":"","opus":17848,"dspace":"17848","e-isbn_pdf":"978-3-96147-468-4 ","doi":"https:\/\/doi.org\/10.25593\/978-3-96147-468-4 ","epub":"","e-isbn_epub":"","doi_epub":"","html":"","e-isbn_html":"","doi_html":"","e-isbn_reader":"","doi_reader":"","digibib":"","urn":"https:\/\/nbn-resolving.org\/urn:nbn:de:bvb:29-opus4-178485","supplementary_material":"","sprache":["Deutsch"],"ausgabe":"Softcover","suche":" 9783961474677 9783961474684   ","lizenz":"BY-4","bemerkung":""},"builder_content":"","_links":{"self":[{"href":"https:\/\/www.university-press.fau.de\/en\/wp-json\/wp\/v2\/product\/383","targetHints":{"allow":["GET"]}}],"collection":[{"href":"https:\/\/www.university-press.fau.de\/en\/wp-json\/wp\/v2\/product"}],"about":[{"href":"https:\/\/www.university-press.fau.de\/en\/wp-json\/wp\/v2\/types\/product"}],"replies":[{"embeddable":true,"href":"https:\/\/www.university-press.fau.de\/en\/wp-json\/wp\/v2\/comments?post=383"}],"wp:featuredmedia":[{"embeddable":true,"href":"https:\/\/www.university-press.fau.de\/en\/wp-json\/wp\/v2\/media\/1194"}],"wp:attachment":[{"href":"https:\/\/www.university-press.fau.de\/en\/wp-json\/wp\/v2\/media?parent=383"}],"wp:term":[{"taxonomy":"product_brand","embeddable":true,"href":"https:\/\/www.university-press.fau.de\/en\/wp-json\/wp\/v2\/product_brand?post=383"},{"taxonomy":"product_cat","embeddable":true,"href":"https:\/\/www.university-press.fau.de\/en\/wp-json\/wp\/v2\/product_cat?post=383"},{"taxonomy":"product_tag","embeddable":true,"href":"https:\/\/www.university-press.fau.de\/en\/wp-json\/wp\/v2\/product_tag?post=383"}],"curies":[{"name":"wp","href":"https:\/\/api.w.org\/{rel}","templated":true}]}}

<p>Am Ende des 18. Jahrhunderts begannen im Altbayerischen Donaumoos Entwässerungsarbeiten. Anschließende Ansiedlungen in neu gegründeten Orten brachten Menschen in das Moor, die dort ihr Auskommen suchten. Der Spruch &#8222;Dem ersten den Tod, dem zweiten die Not und erst dem dritten das Brot&#8220; war in dieser Zeit unter Moorsiedlern gängig. Ihre &#8222;Not&#8220;, ihre Probleme und ihre Zusammenarbeit mit den staatlichen Abgesandten werden in diesem Werk dargestellt, ebenso wie die Sicht der zuständigen Behörde. Entnommen wird dieses Wissen vor allem aus den reichen Archivbeständen des Staatsarchivs Augsburg und gedruckten zeitgenössischen Quellen.</p>

<p>Am Ende des 18. Jahrhunderts begannen im Altbayerischen Donaumoos Entwässerungsarbeiten. Anschließende Ansiedlungen in neu gegründeten Orten brachten Menschen in das Moor, die dort ihr Auskommen suchten. Der Spruch &#8222;Dem ersten den Tod, dem zweiten die Not und erst dem dritten das Brot&#8220; war in dieser Zeit unter Moorsiedlern gängig. Ihre &#8222;Not&#8220;, ihre Probleme und ihre [&hellip;]</p>
