{"id":813,"date":"2022-10-04T10:56:34","date_gmt":"2022-10-04T08:56:34","guid":{"rendered":"https:\/\/www.university-press.fau.de\/?post_type=product&#038;p=813"},"modified":"2025-09-15T12:59:32","modified_gmt":"2025-09-15T10:59:32","slug":"978-3-944057-65-1","status":"publish","type":"product","link":"https:\/\/www.university-press.fau.de\/en\/product\/978-3-944057-65-1\/","title":{"rendered":"Was Fl\u00fcchtlinge brauchen \u2013 ein Win-Win-Projekt"},"content":{"rendered":"<div id=\"result-data\">\n<div id=\"abstract\">\n<p>Der Band fasst die Ergebnisse einer qualitativen Befragung von 50 Fl\u00fcchtlingen, Expertinnen und Experten aus der Stadt Erlangen zusammen. Er bietet ein Mapping der wichtigsten Akteure und ihrer Netzwerke im Feld und weist auf die Bed\u00fcrfnisse der Fl\u00fcchtlinge vor Ort hin. Im Mittelpunkt stehen die Bereiche Unterbringung, Gesundheit, Bildung und Ausbildung, Zugang zum Arbeitsmarkt, Information und Begegnung. Damit tr\u00e4gt er dazu bei, dass die Bedarfe in der Stadtgesellschaft besser aufeinander abgestimmt werden. Zugleich bietet das Pilotprojekt Vorschl\u00e4ge f\u00fcr gute Praxisbeispiele kommunaler und ehrenamtlicher Fl\u00fcchtlingspolitik.<\/p>\n<\/div>\n<\/div>\n<div id=\"services\" class=\"services-menu\"><\/div>","protected":false},"excerpt":{"rendered":"<p>Der Band fasst die Ergebnisse einer qualitativen Befragung von 50 Fl\u00fcchtlingen, Expertinnen und Experten aus der Stadt Erlangen zusammen. Er bietet ein Mapping der wichtigsten Akteure und ihrer Netzwerke im Feld und weist auf die Bed\u00fcrfnisse der Fl\u00fcchtlinge vor Ort hin. Im Mittelpunkt stehen die Bereiche Unterbringung, Gesundheit, Bildung und Ausbildung, Zugang zum Arbeitsmarkt, Information [&hellip;]<\/p>\n","protected":false},"featured_media":1301,"comment_status":"open","ping_status":"closed","template":"","meta":{"_acf_changed":false},"product_brand":[],"product_cat":[47],"product_tag":[],"class_list":{"0":"post-813","1":"product","2":"type-product","3":"status-publish","4":"has-post-thumbnail","6":"product_cat-erlanger-migrations-und-integrationsstudien","7":"has-post-title","8":"has-post-date","9":"has-post-category","10":"has-post-tag","11":"has-post-comment","12":"has-post-author","13":"","15":"first","16":"instock","17":"taxable","18":"shipping-taxable","19":"purchasable","20":"product-type-simple"},"acf":{"autor":"","orcid":"","ror":"","herausgeber":"Bendel, Petra","orcid_hrsg":"","rorhrsg":"","bearbeiter":"","sonstige_beteiligte_personen":"","untertitel":"Ergebnisse aus einer Befragung in Erlangen","zusatz":"","jahr":"2016","zeitschrift":"","serie":"","serie_name":"","serie_band":"","serie_jahr":"","serie_titel_band":"","vortrage":"","issn":"","isbn":"","isbn13":"978-3-944057-65-1","seiten":"341","sonstiges":"","band":1,"auflage":"","opus":"","dspace":"7359","e-isbn_pdf":"978-3-944057-66-8 ","doi":"","epub":"","e-isbn_epub":"","doi_epub":"","html":"","e-isbn_html":"","doi_html":"","e-isbn_reader":"","doi_reader":"","digibib":"","urn":"urn:nbn:de:bvb:29-opus4-73598","supplementary_material":"","sprache":["Deutsch"],"ausgabe":"Softcover","suche":" 9783944057651 9783944057668   ","lizenz":"BY-NC-ND-3","bemerkung":""},"builder_content":"","_links":{"self":[{"href":"https:\/\/www.university-press.fau.de\/en\/wp-json\/wp\/v2\/product\/813","targetHints":{"allow":["GET"]}}],"collection":[{"href":"https:\/\/www.university-press.fau.de\/en\/wp-json\/wp\/v2\/product"}],"about":[{"href":"https:\/\/www.university-press.fau.de\/en\/wp-json\/wp\/v2\/types\/product"}],"replies":[{"embeddable":true,"href":"https:\/\/www.university-press.fau.de\/en\/wp-json\/wp\/v2\/comments?post=813"}],"wp:featuredmedia":[{"embeddable":true,"href":"https:\/\/www.university-press.fau.de\/en\/wp-json\/wp\/v2\/media\/1301"}],"wp:attachment":[{"href":"https:\/\/www.university-press.fau.de\/en\/wp-json\/wp\/v2\/media?parent=813"}],"wp:term":[{"taxonomy":"product_brand","embeddable":true,"href":"https:\/\/www.university-press.fau.de\/en\/wp-json\/wp\/v2\/product_brand?post=813"},{"taxonomy":"product_cat","embeddable":true,"href":"https:\/\/www.university-press.fau.de\/en\/wp-json\/wp\/v2\/product_cat?post=813"},{"taxonomy":"product_tag","embeddable":true,"href":"https:\/\/www.university-press.fau.de\/en\/wp-json\/wp\/v2\/product_tag?post=813"}],"curies":[{"name":"wp","href":"https:\/\/api.w.org\/{rel}","templated":true}]}}

Was Flüchtlinge brauchen – ein Win-Win-Projekt

<div id="result-data">
<div id="abstract">
<p>Der Band fasst die Ergebnisse einer qualitativen Befragung von 50 Flüchtlingen, Expertinnen und Experten aus der Stadt Erlangen zusammen. Er bietet ein Mapping der wichtigsten Akteure und ihrer Netzwerke im Feld und weist auf die Bedürfnisse der Flüchtlinge vor Ort hin. Im Mittelpunkt stehen die Bereiche Unterbringung, Gesundheit, Bildung und Ausbildung, Zugang zum Arbeitsmarkt, Information und Begegnung. Damit trägt er dazu bei, dass die Bedarfe in der Stadtgesellschaft besser aufeinander abgestimmt werden. Zugleich bietet das Pilotprojekt Vorschläge für gute Praxisbeispiele kommunaler und ehrenamtlicher Flüchtlingspolitik.</p>
</div>
</div>
<div id="services" class="services-menu"></div>

<p>Der Band fasst die Ergebnisse einer qualitativen Befragung von 50 Flüchtlingen, Expertinnen und Experten aus der Stadt Erlangen zusammen. Er bietet ein Mapping der wichtigsten Akteure und ihrer Netzwerke im Feld und weist auf die Bedürfnisse der Flüchtlinge vor Ort hin. Im Mittelpunkt stehen die Bereiche Unterbringung, Gesundheit, Bildung und Ausbildung, Zugang zum Arbeitsmarkt, Information [&hellip;]</p>
