{"id":852,"date":"2022-10-04T13:45:06","date_gmt":"2022-10-04T11:45:06","guid":{"rendered":"https:\/\/www.university-press.fau.de\/?post_type=product&#038;p=852"},"modified":"2025-07-08T09:58:28","modified_gmt":"2025-07-08T07:58:28","slug":"978%e2%80%903%e2%80%9096147%e2%80%90109%e2%80%906","status":"publish","type":"product","link":"https:\/\/www.university-press.fau.de\/en\/product\/978%e2%80%903%e2%80%9096147%e2%80%90109%e2%80%906\/","title":{"rendered":"Sprachwelten"},"content":{"rendered":"<p>Der vorliegende Band pr\u00e4sentiert die Druckfassungen der Vortr\u00e4ge zum Thema \u201aSprachwelten\u2018, die anl\u00e4sslich der Erlanger Universit\u00e4tstage vom 07. M\u00e4rz bis zum 04. April 2017 in Amberg und vom 26. Oktober bis zum 30. November 2017 in Ansbach gehalten wurden. Die sechs Erlanger Wissenschaftlerinnen und Wissenschaftler, Professor Dr. Andrea B\u00fcttner, Prof. Dr. Jessica Freiherr, Professor Dr. Andreas Gr\u00fcner, Prof. Dr. Thomas Herbst, Prof. Dr. Norbert Oettinger und Prof. Dr. Andr\u00e9 Reis \u2013 aus den f\u00fcnf Disziplinen Lebensmittelchemie, Arch\u00e4ologie, Englische Sprachwissenschaft, Indogermanistik und Humangenetik \u2013 verstanden es auf ebenso anregende wie informative Weise, das Thema \u201aSprachwelten\u2018 aus ihrer jeweiligen Fachperspektive heraus zu interpretieren.<\/p>","protected":false},"excerpt":{"rendered":"<p>Der vorliegende Band pr\u00e4sentiert die Druckfassungen der Vortr\u00e4ge zum Thema \u201aSprachwelten\u2018, die anl\u00e4sslich der Erlanger Universit\u00e4tstage vom 07. M\u00e4rz bis zum 04. April 2017 in Amberg und vom 26. Oktober bis zum 30. November 2017 in Ansbach gehalten wurden. Die sechs Erlanger Wissenschaftlerinnen und Wissenschaftler, Professor Dr. Andrea B\u00fcttner, Prof. Dr. Jessica Freiherr, Professor Dr. [&hellip;]<\/p>\n","protected":false},"featured_media":1320,"comment_status":"open","ping_status":"closed","template":"","meta":{"_acf_changed":false},"product_brand":[],"product_cat":[43,48],"product_tag":[],"class_list":{"0":"post-852","1":"product","2":"type-product","3":"status-publish","4":"has-post-thumbnail","6":"product_cat-erlanger-universitaetstage","7":"product_cat-fau-forschungen-reihe-a-geisteswissenschaften","8":"has-post-title","9":"has-post-date","10":"has-post-category","11":"has-post-tag","12":"has-post-comment","13":"has-post-author","14":"","16":"first","17":"instock","18":"taxable","19":"shipping-taxable","20":"purchasable","21":"product-type-simple"},"acf":{"autor":"","orcid":"","ror":"","herausgeber":"Freiburg, Rudolf","orcid_hrsg":"","rorhrsg":"","bearbeiter":"","sonstige_beteiligte_personen":"","untertitel":"","zusatz":"","jahr":"2018","zeitschrift":"","serie":["ja"],"serie_name":"Erlanger Universit\u00e4tstage","serie_band":"","serie_jahr":2017,"serie_titel_band":"","vortrage":["Vier Vortr\u00e4ge"],"issn":"","isbn":"","isbn13":"978\u20103\u201096147\u2010109\u20106","seiten":"190","sonstiges":"Illustrationen","band":11,"auflage":"","opus":"","dspace":"9990","e-isbn_pdf":"978-3-96147-110-2 ","doi":"https:\/\/doi.org\/10.25593\/978-3-96147-110-2","epub":"","e-isbn_epub":"","doi_epub":"","html":"","e-isbn_html":"","doi_html":"","e-isbn_reader":"","doi_reader":"","digibib":"","urn":"urn:nbn:de:bvb:29-opus4-99906","supplementary_material":"","sprache":["Deutsch"],"ausgabe":"Softcover","suche":" 978\u20103\u201096147\u2010109\u20106 9783961471102   ","lizenz":"BY-NC-ND-4","bemerkung":"1x Provinzialbibliothek Amberg (kostenfrei), 14.02.2024"},"builder_content":"","_links":{"self":[{"href":"https:\/\/www.university-press.fau.de\/en\/wp-json\/wp\/v2\/product\/852","targetHints":{"allow":["GET"]}}],"collection":[{"href":"https:\/\/www.university-press.fau.de\/en\/wp-json\/wp\/v2\/product"}],"about":[{"href":"https:\/\/www.university-press.fau.de\/en\/wp-json\/wp\/v2\/types\/product"}],"replies":[{"embeddable":true,"href":"https:\/\/www.university-press.fau.de\/en\/wp-json\/wp\/v2\/comments?post=852"}],"wp:featuredmedia":[{"embeddable":true,"href":"https:\/\/www.university-press.fau.de\/en\/wp-json\/wp\/v2\/media\/1320"}],"wp:attachment":[{"href":"https:\/\/www.university-press.fau.de\/en\/wp-json\/wp\/v2\/media?parent=852"}],"wp:term":[{"taxonomy":"product_brand","embeddable":true,"href":"https:\/\/www.university-press.fau.de\/en\/wp-json\/wp\/v2\/product_brand?post=852"},{"taxonomy":"product_cat","embeddable":true,"href":"https:\/\/www.university-press.fau.de\/en\/wp-json\/wp\/v2\/product_cat?post=852"},{"taxonomy":"product_tag","embeddable":true,"href":"https:\/\/www.university-press.fau.de\/en\/wp-json\/wp\/v2\/product_tag?post=852"}],"curies":[{"name":"wp","href":"https:\/\/api.w.org\/{rel}","templated":true}]}}

<p>Der vorliegende Band präsentiert die Druckfassungen der Vorträge zum Thema ‚Sprachwelten‘, die anlässlich der Erlanger Universitätstage vom 07. März bis zum 04. April 2017 in Amberg und vom 26. Oktober bis zum 30. November 2017 in Ansbach gehalten wurden. Die sechs Erlanger Wissenschaftlerinnen und Wissenschaftler, Professor Dr. Andrea Büttner, Prof. Dr. Jessica Freiherr, Professor Dr. Andreas Grüner, Prof. Dr. Thomas Herbst, Prof. Dr. Norbert Oettinger und Prof. Dr. André Reis – aus den fünf Disziplinen Lebensmittelchemie, Archäologie, Englische Sprachwissenschaft, Indogermanistik und Humangenetik – verstanden es auf ebenso anregende wie informative Weise, das Thema ‚Sprachwelten‘ aus ihrer jeweiligen Fachperspektive heraus zu interpretieren.</p>

<p>Der vorliegende Band präsentiert die Druckfassungen der Vorträge zum Thema ‚Sprachwelten‘, die anlässlich der Erlanger Universitätstage vom 07. März bis zum 04. April 2017 in Amberg und vom 26. Oktober bis zum 30. November 2017 in Ansbach gehalten wurden. Die sechs Erlanger Wissenschaftlerinnen und Wissenschaftler, Professor Dr. Andrea Büttner, Prof. Dr. Jessica Freiherr, Professor Dr. [&hellip;]</p>

Erlanger Universitätstage

Vier Vorträge
